{"id":10,"date":"2014-04-23T22:55:42","date_gmt":"2014-04-23T20:55:42","guid":{"rendered":"http:\/\/www.tsv-natternberg.de\/leichtathletik\/?page_id=10"},"modified":"2026-01-18T21:35:18","modified_gmt":"2026-01-18T19:35:18","slug":"funktionaere","status":"publish","type":"page","link":"https:\/\/www.tsv-natternberg.de\/leichtathletik\/funktionaere\/","title":{"rendered":"Funktion\u00e4re"},"content":{"rendered":"<table class=\" alignleft\" style=\"width: 100%; border-collapse: collapse;\">\n<tbody>\n<tr>\n<td style=\"width: 65.4%; vertical-align: top;\"><span style=\"font-family: verdana,geneva,sans-serif; font-size: 12pt;\"><strong><span style=\"font-size: 14pt; text-decoration: underline;\">Robert Engl<\/span><br \/>\n<\/strong><span style=\"font-size: 10pt;\">Spartenleiter Leichtathletik<\/span><\/span><br \/>\n<span style=\"font-family: verdana,geneva,sans-serif; font-size: 10pt;\">Telefon: <span style=\"font-family: verdana,geneva,sans-serif; font-size: 12pt;\"><span style=\"font-size: 10pt;\">0991 \/ 285059<\/span><\/span><\/span><br \/>\n<span style=\"font-family: verdana,geneva,sans-serif; font-size: 10pt;\">Email:&nbsp;<\/span><\/td>\n<td style=\"width: 34.59%;\"><img loading=\"lazy\" decoding=\"async\" class=\"alignleft size-medium wp-image-6135\" src=\"http:\/\/www.tsv-natternberg.de\/leichtathletik\/wp-content\/uploads\/2020\/03\/Robert-BML-2019-200x300.jpg\" alt=\"\" width=\"200\" height=\"300\" srcset=\"https:\/\/www.tsv-natternberg.de\/leichtathletik\/wp-content\/uploads\/2020\/03\/Robert-BML-2019-200x300.jpg 200w, https:\/\/www.tsv-natternberg.de\/leichtathletik\/wp-content\/uploads\/2020\/03\/Robert-BML-2019-682x1024.jpg 682w, https:\/\/www.tsv-natternberg.de\/leichtathletik\/wp-content\/uploads\/2020\/03\/Robert-BML-2019-140x210.jpg 140w, https:\/\/www.tsv-natternberg.de\/leichtathletik\/wp-content\/uploads\/2020\/03\/Robert-BML-2019-1024x1536.jpg 1024w, https:\/\/www.tsv-natternberg.de\/leichtathletik\/wp-content\/uploads\/2020\/03\/Robert-BML-2019-1365x2048.jpg 1365w, https:\/\/www.tsv-natternberg.de\/leichtathletik\/wp-content\/uploads\/2020\/03\/Robert-BML-2019-665x998.jpg 665w, https:\/\/www.tsv-natternberg.de\/leichtathletik\/wp-content\/uploads\/2020\/03\/Robert-BML-2019-scaled.jpg 1706w\" sizes=\"auto, (max-width: 200px) 100vw, 200px\" \/><\/td>\n<\/tr>\n<tr>\n<td style=\"width: 65.4%; vertical-align: top;\"><span style=\"font-family: verdana,geneva,sans-serif; font-size: 12pt;\"><strong><span style=\"font-size: 14pt; text-decoration: underline;\">Stefan H\u00f6tzinger<\/span><br \/>\n<\/strong><span style=\"font-size: 10pt;\">Kassier Sparte Leichtathletik<strong><br \/>\n<\/strong>Telefon: 015117891789<\/span><\/span><br \/>\n<span style=\"font-family: verdana,geneva,sans-serif; font-size: 10pt;\">Email:&nbsp;<\/span><\/td>\n<td style=\"width: 34.59%;\"><img loading=\"lazy\" decoding=\"async\" class=\"alignleft wp-image-2078\" src=\"http:\/\/www.tsv-natternberg.de\/leichtathletik\/wp-content\/uploads\/2014\/04\/P1080724-300x225.jpg\" alt=\"\" width=\"200\" height=\"150\" srcset=\"https:\/\/www.tsv-natternberg.de\/leichtathletik\/wp-content\/uploads\/2014\/04\/P1080724-300x225.jpg 300w, https:\/\/www.tsv-natternberg.de\/leichtathletik\/wp-content\/uploads\/2014\/04\/P1080724-1024x768.jpg 1024w, https:\/\/www.tsv-natternberg.de\/leichtathletik\/wp-content\/uploads\/2014\/04\/P1080724-280x210.jpg 280w, https:\/\/www.tsv-natternberg.de\/leichtathletik\/wp-content\/uploads\/2014\/04\/P1080724-665x499.jpg 665w\" sizes=\"auto, (max-width: 200px) 100vw, 200px\" \/><\/td>\n<\/tr>\n<tr>\n<td style=\"width: 65.4%; vertical-align: top;\"><span style=\"font-family: verdana,geneva,sans-serif; font-size: 12pt;\"><strong><span style=\"text-decoration: underline;\"><span style=\"font-size: 14pt;\">Stefan H\u00f6tzinger<\/span><\/span><br \/>\n<\/strong><span style=\"font-size: 10pt;\">Gruppenleiter Orientierungslauf<\/span><br \/>\n<span style=\"font-size: 10pt;\">Pressearbeit Orientierungslauf<\/span><br \/>\n<span style=\"font-size: 10pt;\">Internetauftritt Sparte Leichtathletik<\/span><br \/>\n<span style=\"font-size: 10pt;\">Telefon: 0991 \/ 3790788<\/span><br \/>\n<span style=\"font-size: 10pt;\">Handy: 0151 \/ 17891789<\/span><\/span><br \/>\n<span style=\"font-family: verdana,geneva,sans-serif; font-size: 10pt;\">Email: stefan.hoetzinger@web.de<\/span><\/td>\n<td style=\"width: 34.59%;\"><img loading=\"lazy\" decoding=\"async\" class=\"alignleft size-medium wp-image-3874\" src=\"http:\/\/www.tsv-natternberg.de\/leichtathletik\/wp-content\/uploads\/2014\/07\/Stefan_Trainer_1-200x300.jpg\" alt=\"Was ist Orientierungslauf: Der Orientierungslauf (kurz OL) ist eine Laufsportart, die aus zwei Komponenten besteht: dem Orientieren und dem Laufen. Beim Orientierungslauf werden mit Hilfe von Karte und Kompass bestimmte Kontrollpunkte im Gel\u00e4nde in m\u00f6glichst kurzer Zeit angelaufen. Neben Ausdauer und der richtigen Lauftechnik ist hier vor allem ein guter Orientierungssinn und Konzentrationsf\u00e4higkeit gefragt. Gerade diese Mischung aus Koordination, Konzentration, Ausdauer und Technik macht den Reiz dieser Sportart aus. Orientierungslauf beim TSV Natternberg: Im Sommer 2014 wurde in der Sparte Leichtathletik die Sportart Orientierungslauf neu aufgenommen. Seitdem wird regelm\u00e4\u00dfig Orientierungslauf-Training durchgef\u00fchrt. Trainer: Stefan H\u00f6tzinger hat vor \u00fcber 30 Jahren mit Orientierungslauf begonnen. In seiner Jugendzeit ist er durch die Schule zum Orientierungslauf gekommen und war aktiver Orientierungsl\u00e4ufer beim TV Osterhofen. Nach einer l\u00e4ngeren Auszeit, packte ihn wieder die Leidenschaft f\u00fcr diese spannende Sportart und machte sp\u00e4ter den Trainerschein f\u00fcr Orientierungslauf. Mit der Einf\u00fchrung der OL Gruppe beim TSV Natternberg, m\u00f6chte er diese Begeisterung f\u00fcr diese Sportart gerne weitergeben. Kontakt: Stefan H\u00f6tzinger Tel.: 0991\/3790788 Email: stefan.hoetzinger@web.de OL-Trainingszeiten: Fr\u00fchling: Samstag 14 Uhr Sommer: Freitag 17:30 Uhr Herbst: Samstag 14 Uhr Winter: Samstag 18 Uhr (Hallentraining) Schnuppertraining: Wer Interesse am Orientierungslauf hat und mindestens 8 Jahre alt ist, kann gerne mal vorbeikommen zum Schnuppern, egal ob als Jugendlicher oder Erwachsener. Bitte vorher anrufen, da wir das Trainingsgel\u00e4nde regelm\u00e4\u00dfig wechseln. Beim Schnuppertraining wird keiner alleine gelassen. Es wird alles genau erkl\u00e4rt und man keinen Einblick gewinnen, was Orientierungslauf ist.\" width=\"200\" height=\"300\" srcset=\"https:\/\/www.tsv-natternberg.de\/leichtathletik\/wp-content\/uploads\/2014\/07\/Stefan_Trainer_1-200x300.jpg 200w, https:\/\/www.tsv-natternberg.de\/leichtathletik\/wp-content\/uploads\/2014\/07\/Stefan_Trainer_1-682x1024.jpg 682w, https:\/\/www.tsv-natternberg.de\/leichtathletik\/wp-content\/uploads\/2014\/07\/Stefan_Trainer_1-140x210.jpg 140w, https:\/\/www.tsv-natternberg.de\/leichtathletik\/wp-content\/uploads\/2014\/07\/Stefan_Trainer_1-665x998.jpg 665w, https:\/\/www.tsv-natternberg.de\/leichtathletik\/wp-content\/uploads\/2014\/07\/Stefan_Trainer_1.jpg 771w\" sizes=\"auto, (max-width: 200px) 100vw, 200px\" \/><\/td>\n<\/tr>\n<tr>\n<td style=\"width: 65.4%; vertical-align: top;\"><span style=\"font-family: verdana,geneva,sans-serif; font-size: 12pt;\"><strong><span style=\"text-decoration: underline;\"><span style=\"font-size: 14pt;\">Brigitte Fleischmann<\/span><\/span><br \/>\n<\/strong><span style=\"font-size: 10pt;\">Gruppenleiter Sportabzeichen<strong><br \/>\n<\/strong>Gruppleiter Walken<\/span><br \/>\n<span style=\"font-size: 10pt;\">Telefon: 0991 \/ 4522<\/span><\/span><br \/>\n<span style=\"font-family: verdana,geneva,sans-serif; font-size: 10pt;\">Email: v.fleischmann(at)gmx.de<\/span><\/td>\n<td style=\"width: 34.59%;\"><img loading=\"lazy\" decoding=\"async\" class=\"alignleft wp-image-644\" src=\"http:\/\/www.tsv-natternberg.de\/leichtathletik\/wp-content\/uploads\/2014\/05\/Brigitte-225x300.jpg\" alt=\"\" width=\"200\" height=\"267\" srcset=\"https:\/\/www.tsv-natternberg.de\/leichtathletik\/wp-content\/uploads\/2014\/05\/Brigitte-225x300.jpg 225w, https:\/\/www.tsv-natternberg.de\/leichtathletik\/wp-content\/uploads\/2014\/05\/Brigitte-768x1024.jpg 768w, https:\/\/www.tsv-natternberg.de\/leichtathletik\/wp-content\/uploads\/2014\/05\/Brigitte-665x886.jpg 665w\" sizes=\"auto, (max-width: 200px) 100vw, 200px\" \/><\/td>\n<\/tr>\n<tr>\n<td style=\"width: 65.4%; vertical-align: top;\">&nbsp;<\/td>\n<td style=\"width: 34.59%;\">&nbsp;<\/td>\n<\/tr>\n<tr>\n<td style=\"width: 65.4%;\">&nbsp;<\/td>\n<td style=\"width: 34.59%;\">&nbsp;<\/td>\n<\/tr>\n<tr>\n<td style=\"width: 65.4%;\">&nbsp;<\/td>\n<td style=\"width: 34.59%;\">&nbsp;<\/td>\n<\/tr>\n<\/tbody>\n<\/table>\n","protected":false},"excerpt":{"rendered":"<p>Robert Engl Spartenleiter Leichtathletik Telefon: 0991 \/ 285059 Email:&nbsp; Stefan H\u00f6tzinger Kassier Sparte Leichtathletik Telefon: 015117891789 Email:&nbsp; Stefan H\u00f6tzinger Gruppenleiter<\/p>\n","protected":false},"author":1,"featured_media":0,"parent":0,"menu_order":0,"comment_status":"closed","ping_status":"closed","template":"","meta":{"ngg_post_thumbnail":0,"_mc_calendar":[],"footnotes":""},"class_list":["post-10","page","type-page","status-publish","hentry"],"_links":{"self":[{"href":"https:\/\/www.tsv-natternberg.de\/leichtathletik\/wp-json\/wp\/v2\/pages\/10","targetHints":{"allow":["GET"]}}],"collection":[{"href":"https:\/\/www.tsv-natternberg.de\/leichtathletik\/wp-json\/wp\/v2\/pages"}],"about":[{"href":"https:\/\/www.tsv-natternberg.de\/leichtathletik\/wp-json\/wp\/v2\/types\/page"}],"author":[{"embeddable":true,"href":"https:\/\/www.tsv-natternberg.de\/leichtathletik\/wp-json\/wp\/v2\/users\/1"}],"replies":[{"embeddable":true,"href":"https:\/\/www.tsv-natternberg.de\/leichtathletik\/wp-json\/wp\/v2\/comments?post=10"}],"version-history":[{"count":47,"href":"https:\/\/www.tsv-natternberg.de\/leichtathletik\/wp-json\/wp\/v2\/pages\/10\/revisions"}],"predecessor-version":[{"id":7262,"href":"https:\/\/www.tsv-natternberg.de\/leichtathletik\/wp-json\/wp\/v2\/pages\/10\/revisions\/7262"}],"wp:attachment":[{"href":"https:\/\/www.tsv-natternberg.de\/leichtathletik\/wp-json\/wp\/v2\/media?parent=10"}],"curies":[{"name":"wp","href":"https:\/\/api.w.org\/{rel}","templated":true}]}}